5.
3
Calculate the highest common factor of 470 and 93154.
94
Calculate the greatest common divisor of 45 and 19320.
15
Calculate the highest common factor of 23782 and 16445.
253
What is the highest common divisor of 57378 and 13578?
438
What is the highest common factor of 514 and 1328?
2
What is the greatest common divisor of 256171 and 113?
113
What is the highest common factor of 159121 and 533?
41
What is the highest common divisor of 272 and 2216?
8
What is the highest common divisor of 8216 and 617464?
632
Calculate the highest common divisor of 1107 and 3618.
27
What is the highest common divisor of 720 and 39920?
80
Calculate the highest common factor of 25585 and 6665.
215
What is the highest common factor of 2407 and 1856?
29
What is the greatest common divisor of 44 and 107228?
44
What is the highest common factor of 5 and 31470?
5
Calculate the greatest common factor of 5863304 and 536.
536
Calculate the highest common factor of 1827 and 341736.
87
What is the highest common divisor of 32412 and 23652?
876
What is the greatest common divisor of 72 and 380544?
24
Calculate the greatest common factor of 150844 and 20.
4
Calculate the greatest common factor of 11302 and 90.
2
Calculate the highest common factor of 520 and 4485.
65
What is the greatest common divisor of 265 and 3021?
53
What is the greatest common factor of 5191 and 6802?
179
What is the highest common divisor of 73 and 387119?
73
What is the greatest common factor of 36972 and 17316?
468
What is the highest common divisor of 607717 and 2222?
1111
Calculate the greatest common divisor of 7180 and 187398.
718
Calculate the greatest common factor of 37393 and 61.
61
What is the greatest common divisor of 2150 and 67800?
50
What is the greatest common factor of 3571102 and 1492?
746
Calculate the greatest common factor of 21978 and 12617.
407
What is the highest common factor of 238 and 199206?
238
Calculate the greatest common divisor of 256 and 197536.
32
Calculate the greatest common factor of 771636 and 36.
12
Calculate the greatest common factor of 84 and 105372.
12
What is the greatest common factor of 65845 and 27235?
65
Calculate the highest common factor of 3300 and 36.
12
Calculate the highest common divisor of 30 and 568860.
30
What is the highest common divisor of 32416 and 3488?
32
What is the highest common factor of 3 and 207777?
3
What is the highest common divisor of 341833 and 79?
79
Calculate the greatest common divisor of 160 and 881.
1
What is the greatest common factor of 169950 and 1275?
75
What is the greatest common factor of 377940 and 24?
12
What is the greatest common factor of 592 and 65786?
74
Calculate the greatest common factor of 180 and 543120.
60
Calculate the highest common factor of 20803685 and 245.
245
What is the highest common divisor of 270 and 813780?
270
What is the highest common factor of 234 and 7696?
26
Calculate the greatest common factor of 5960 and 80.
40
Calculate the highest common divisor of 667548 and 12.
12
Calculate the highest common divisor of 2374351 and 574.
287
Calculate the greatest common factor of 1032766 and 28.
14
Calculate the highest common divisor of 40 and 40780.
20
Calculate the greatest common factor of 1394 and 354773.
697
What is the greatest common factor of 1839 and 24?
3
What is the greatest common factor of 830 and 57104?
166
Calculate the highest common factor of 3658 and 9424.
62
Calculate the greatest common factor of 53823 and 35.
7
What is the greatest common divisor of 6 and 1033842?
6
What is the highest common factor of 66470 and 40?
10
What is the highest common divisor of 3731 and 187698?
287
Calculate the highest common divisor of 262774 and 13144.
106
Calculate the highest common divisor of 1989 and 7072.
221
Calculate the greatest common factor of 30 and 49410.
30
Calculate the highest common factor of 20299 and 2703.
53
What is the highest common factor of 23213 and 834?
139
What is the greatest common factor of 5 and 272065?
5
What is the highest common factor of 39537 and 207?
207
What is the greatest common factor of 448 and 4448?
32
What is the greatest common divisor of 1979424 and 522?
522
Calculate the greatest common divisor of 500 and 860.
20
What is the highest common factor of 753096 and 744?
24
What is the greatest common divisor of 544 and 10864?
16
What is the highest common divisor of 183627 and 648?
81
What is the greatest common divisor of 1027 and 975?
13
Calculate the greatest common factor of 3 and 1929.
3
What is the greatest common divisor of 162 and 124254?
162
What is the highest common factor of 1204 and 27?
1
Calculate the highest common divisor of 53946 and 296.
74
Calculate the greatest common factor of 135 and 90801.
27
Calculate the greatest common divisor of 6600 and 37200.
600
Calculate the greatest common divisor of 23176 and 16.
8
Calculate the greatest common divisor of 816 and 30180.
12
What is the highest common factor of 4587 and 3163501?
1529
What is the highest common divisor of 123694 and 46?
46
Calculate the greatest common divisor of 420 and 16260.
60
What is the highest common factor of 29273 and 1203?
401
What is the highest common divisor of 122382 and 39?
39
What is the highest common divisor of 9 and 179217?
9
Calculate the highest common divisor of 81 and 30819.
3
What is the highest common divisor of 143808 and 512?
64
Calculate the highest common divisor of 212859 and 4236.
1059
Calculate the greatest common factor of 43247 and 177.
59
What is the greatest common factor of 48 and 590316?
12
What is the greatest common divisor of 92 and 1091?
1
Calculate the highest common factor of 3240 and 71480.
40
Calculate the greatest common divisor of 1458 and 6642.
162
What is the greatest common divisor of 2071 and 11697008?
2071
What is the greatest common divisor of 39517 and 774?
43
Calculate the highest common divisor of 619970 and 91.
13
What is the highest common divisor of 135 and 747?
9
Calculate the greatest common divisor of 763932 and 2656.
332
What is the greatest common factor of 3069 and 1341?
9
Calculate the highest common factor of 1536 and 127104.
384
What is the highest common divisor of 496 and 1696?
16
What is the greatest common factor of 25753 and 7?
7
What is the greatest common divisor of 7 and 25171?
1
Calculate the greatest common factor of 245 and 435.
5
What is the highest common divisor of 2244 and 220044?
132
What is the highest common factor of 140 and 295015?
35
Calculate the greatest common divisor of 374 and 47498.
374
Calculate the greatest common divisor of 47034 and 2340.
234
Calculate the greatest common divisor of 3305344 and 3920.
784
What is the highest common factor of 331931 and 73?
73
Calculate the greatest common factor of 619 and 1391512.
619
What is the highest common factor of 2495 and 90319?
499
Calculate the greatest common divisor of 50 and 90845.
5
What is the highest common divisor of 37204 and 786?
262
Calculate the greatest common factor of 16882 and 30.
2
Calculate the highest common factor of 6335630 and 406.
406
What is the highest common factor of 42 and 59430?
42
What is the highest common divisor of 12 and 135426?
6
What is the greatest common factor of 18106 and 638?
22
Calculate the highest common divisor of 340 and 12196.
4
Calculate the greatest common factor of 457109 and 41.
41
What is the highest common factor of 394 and 2039344?
394
Calculate the highest common factor of 70 and 20530.
10
Calculate the greatest common divisor of 27516 and 60.
12
Calculate the greatest common factor of 19520 and 8.
8
What is the greatest common divisor of 345 and 17319?
69
Calculate the greatest common factor of 46 and 35995.
23
Calculate the greatest common divisor of 9 and 1028079.
9
Calculate the greatest common factor of 288 and 29488.
16
Calculate the highest common divisor of 72972 and 252.
36
Calculate the greatest common factor of 44616 and 3696.
264
Calculate the highest common divisor of 221 and 33150.
221
What is the highest common factor of 21983 and 4450?
89
Calculate the highest common factor of 6 and 90438.
6
Calculate the greatest common divisor of 625 and 15.
5
What is the greatest common factor of 78512 and 448?
112
Calculate the highest common factor of 421158 and 